r. Let t(g) be the first derivative of p(g). What is the units digit of t(7)?
1
Suppose -3*n + 4*a = 469, -3*n - a - 469 = 10. Let b = n - -269. What is the units digit of b?
0
Suppose -a - l = -7, -3*l = -6 - 6. Let q be ((-1)/2)/((-5)/450*5). Suppose -13*y + 5*r + 73 = -q*y, a*r - 31 = -y. What is the tens digit of y?
2
Suppose -5*j - 20 = -6*k + 2*k, 0 = -4*k + 20. Suppose 4*u + 821 = 5*q - j*u, 0 = -3*q - 3*u + 471. What is the tens digit of q?
6
Suppose -175*h + 195*h = 179140. What is the units digit of h?
7
Let w(v) = -v**2 + 4*v - 3. Let f be w(2). Let d(o) = o**2 - o - 3*o + 0*o + f + 0*o. What is the tens digit of d(-4)?
3
Suppose m + 4*m + y = 14017, 3*m - 8409 = -y. What is the thousands digit of m?
2
Let o be ((-4)/(-5))/((-6)/30) - -105. Let d = -98 + 29. Let u = d + o. What is the units digit of u?
2
Suppose 34*q - 22 - 284 = 0. Suppose q*o - 1954 = 3248. What is the tens digit of o?
7
Let b = -283 - -196. What is the thousands digit of (-105786)/b - 14/(-203)?
1
Suppose -4*s - 7*s - 3*s - 910 = 0. Let n be 0 + (352/2 - -2). Let i = n + s. What is the hundreds digit of i?
1
Suppose -4*i + 3*i = 2*n - 28, 5*i - 104 = -n. Suppose 3*g - 122 = 4*y, 3*g - i = y + 6. What is the tens digit of y/(-72) - 1004/(-9)?
1
Suppose 0 = -13*r - 51 + 155. What is the hundreds digit of 250/2 - (r + (-1 - 6))?
1
Suppose 2*z = -3*k + 752, 0 = 61*z - 60*z + 5*k - 362. What is the units digit of z?
2
Suppose 7800 = -37*a + 50*a. What is the tens digit of a?
0
Let a be (14/((-308)/(-33)))/(6/16). Suppose -y + 31*w = 34*w - 974, -a*w + 1946 = 2*y. What is the hundreds digit of y?
9
Let d(x) = -x**3 + 8*x**2 + 11*x - 15. Let h be d(9). Suppose 5*a - n = 317, h*n - 12 = -4*a + 253. Suppose 4*l - a = 288. What is the units digit of l?
8
Let k(o) = -14285*o - 511. What is the hundreds digit of k(-2)?
0
Let k(r) = r**2 + r - 51. Let p be k(-8). Suppose -2*l = p*x - 3*x - 218, 0 = -4*x. What is the tens digit of l?
0
Let p(g) = -404*g - 4439. Let n be p(-11). Let c = 7 + -5. Suppose n*d - 335 = -0*d + 5*w, -146 = -c*d - 4*w. What is the units digit of d?
9
Let i(y) = 2942*y + 1187. What is the hundreds digit of i(11)?
5
What is the units digit of (-198480)/(-21) - 27/63?
1
Suppose x = 44 + 36. Suppose 246 = 2*u + 5*f, 2*f = -u + x + 42. Let r = -51 + u. What is the units digit of r?
7
Let b be (-26)/(-4 + (-3036)/(-762)). Let f = -1093 + b. What is the units digit of f?
8
What is the ten thousands digit of -5*2/(-5)*-20690*(-2)/4?
2
Let n = 922 - 920. Suppose 1096 = 3*s - s. Suppose -n*f - 2*f = -s. What is the hundreds digit of f?
1
Let a(u) = 17*u + 298. Let w be a(0). Let c = 638 - w. What is the tens digit of c?
4
Let j = -10 + -9. Let f = 25 + j. What is the tens digit of 72 + f + (-1 - 3)?
7
Suppose -26 = 8*y - 66. Let g be (y/(-3))/(3/(-9)). Suppose 0 = -3*s - 6, -g*u - 4*s + 0*s = -257. What is the units digit of u?
3
Let r = 91 - 87. Let q(g) = 30*g - 30. What is the tens digit of q(r)?
9
Suppose 5875 = -24*s - 4637. Let d = 211 - s. What is the units digit of d?
9
Let g(o) = -o**2 - 10*o + 13. Let y be g(-11). Let f be (4 + -1 - y)*2. Suppose -2*q - w + 171 = 0, 0 = f*q + q + 3*w - 264. What is the tens digit of q?
8
Let c = -367 + 368. Let g(v) = 81*v**3 + v**2 + 5*v - 6. What is the tens digit of g(c)?
8
Suppose 62*b = 126*b - 554432. What is the thousands digit of b?
8
Let k(r) be the second derivative of 8*r - 1/3*r**4 - 2*r**2 - 3/20*r**5 - 5/6*r**3 + 0. What is the tens digit of k(-3)?
5
Let o be 4*(6 + -7)*(-1)/1. Suppose 4698 + 638 = 4*b + 4*c, -5338 = -o*b - 5*c. What is the units digit of b?
2
Let s = 17 - 15. Let t(d) = -5*d**2 - 8*d + 4. Let w be t(10). What is the units digit of (12/10)/(s + w/290)?
7
Let q(w) = -17*w**3 + 3*w**2 + 16*w - 6. Let s be 3*1 - (-69 + 75). What is the tens digit of q(s)?
3
Suppose m - 6700 = 5*f, -9*f = -m - 12*f + 6724. What is the thousands digit of m?
6
Suppose 8*u - 702 = -u. Let x = u - 72. Let b(g) = 4*g**2 - 10*g - 6. What is the units digit of b(x)?
8
Suppose 2*g + g + f = 85, 31 = g + 3*f. Let t = -23 + g. Suppose 11 = t*b - 24. What is the units digit of b?
7
Let q be 5 - 1/((-3)/(12/4)). Suppose 1 = -5*o + q. What is the units digit of o/((-8)/(-4))*10?
5
Let y be (-872)/16 + 9 - 6/4. What is the tens digit of 49/14*(-5 + 2 - y)?
5
Let b(c) = 1782*c**2 - 3*c + 5. What is the thousands digit of b(-2)?
7
Suppose -3*k - 43663 = -4*z, -2*z - 21799 = -4*z - 5*k. What is the units digit of z?
2
Let c(h) = -5*h - 5. Let x(v) = -11*v - 9. Let r(y) = 9*c(y) - 4*x(y). Let w be r(-13). Let b(u) = -u**2 + 7*u + 3. What is the units digit of b(w)?
5
What is the tens digit of (-13722)/((-12)/4) - -4?
7
Suppose 0 = -3*g + 5*q + 22 + 100, -5*g + 194 = q. Let p be (-867)/(-11) + 24/132. Let k = g + p. What is the tens digit of k?
1
Let k be 141/3*(-7)/7. Let i = k - 405. Let w = -313 - i. What is the units digit of w?
9
Let n(l) = 103*l - 19. Let p be n(2). Let o = 567 - p. What is the hundreds digit of o?
3
Suppose 11200*z = 11216*z - 618544. What is the thousands digit of z?
8
Let j be 0 + 0 + (-1 - -6) + -2. Suppose 400 + 24 = 5*h - 3*d, j*h = -3*d + 264. What is the units digit of h?
6
Let l = -2195 - -5365. What is the units digit of l?
0
Let v = -1351 - -2249. Suppose 362 = 2*o - v. What is the units digit of o?
0
Let f(m) = m**3 + 5*m**2 + 5. Let u be f(-4). Let n = u - 18. Suppose -5*p - 894 = -4*g + 107, n*g + 5*p - 742 = 0. What is the tens digit of g?
4
Suppose 20 = 9*f - 7. Suppose 2216 + 860 = 4*i - 4*v, 0 = f*i + v - 2291. What is the hundreds digit of i?
7
Let t = 823 + 844. What is the hundreds digit of t?
6
Suppose -4*b = -73 + 65. Suppose -b*m + 19 = -c + 128, -5*c = 5*m - 605. What is the units digit of c?
7
What is the units digit of ((-2)/(-4))/(-18 + (-2966229)/(-164790))?
5
Let s(r) = 62*r - 184. Suppose -60 = -24*o + 9*o. What is the units digit of s(o)?
4
Let v be (-1)/(-10) - (-154)/(-140). What is the tens digit of (-146)/v*45/90?
7
Suppose 38*u = -376563 + 1327589. What is the units digit of u?
7
Suppose 0 = 8*b - 9*b + 5, 5*v = b + 2880. Suppose 0 = -z + 5*d + 571, 12*d = z + 9*d - v. What is the units digit of z?
6
Let i = 20 + -26. Let g be i/(-10) + (-728)/(-20). Let j = g - -38. What is the units digit of j?
5
Suppose 2178 = s - d, 5*s + d - 8109 = 2769. What is the hundreds digit of s?
1
Suppose 0 = -23*d + 23506 + 293894. Suppose 11*r - d = -r. What is the hundreds digit of r?
1
Let f(s) = s**3 - 7*s**2 + 24*s - 11. Suppose 0 = -16*t + 12*t + 32. What is the tens digit of f(t)?
4
Let y be (-2)/(16/(-10))*4. What is the units digit of 128/y*5/1?
8
Let o = -31976 + 81637. What is the ten thousands digit of o?
4
Suppose -5*d = -5*h - 15310, 242*h = 237*h + 30. What is the hundreds digit of d?
0
Suppose 3*u - 791 = -4*u. Suppose 0 = -n - 22 - 8. Let b = u + n. What is the tens digit of b?
8
Suppose 0 = 3*h + 5*m - 406, 5*h - 438 = 3*m + 182. Let x = -3 + h. Let o = x - -15. What is the tens digit of o?
3
Let t(b) = 11*b**3 - 2*b**2 + 1. Let w = -13 + 14. Let a(u) = 9*u - 6. Let h be a(w). What is the hundreds digit of t(h)?
2
Let a(y) = 104*y**2 + 23 + 89 - 102*y**2. What is the hundreds digit of a(15)?
5
Suppose -2*l + 3840 = 3*o - 7951, l = -7*o + 5912. What is the units digit of l?
1
Suppose q = -m + 2, 5*m + 7*q = 8*q + 22. Let c(g) = 12*g**3 + 2*g**2 + 5*g - 3. What is the tens digit of c(m)?
1
What is the thousands digit of (-285 - -270) + 0 + 39963?
9
Suppose -4*z + 39*z = -103*z + 1809180. What is the tens digit of z?
1
Let w be (-585)/(-75) - 4/5. Let g(y) be the third derivative of y**5/20 + y**4/12 - 5*y**3/6 + y**2. What is the hundreds digit of g(w)?
1
Let t be 2 + 6 + (42 - 34). Suppose -2*d + 10656 = t*d. What is the hundreds digit of d?
5
Let m = 200 + -205. What is the tens digit of m/(2/3*(-15)/50)?
2
Suppose -1 = -4*g + 19. Suppose 2*t = -3*b - b + 734, 0 = -2*t - g*b + 735. What is the hundreds digit of t?
3
Let j(h) = -2*h - 12. Let m be j(-6). Let z be (-30 - -2)/(-7) + 58/1. Suppose m = t - z - 13. What is the tens digit of t?
7
Let v(r) = 2609*r + 2669. Let t be v(-1). Suppose 3*x - 3*c = -0*x + 36, 0 = 2*c + 6. Let g = t - x. What is the units digit of g?
1
Suppose -4 + 6 = w. Suppose -x + 2 = -u - w, -2*x - 5*u = -1. Suppose x*i = 292 + 143. What is th